ue
Is 120838596 a multiple of 851?
True
Is 19805164 even?
True
Does 1492 divide 23625820?
True
Is 1797 a factor of 178503198?
True
Does 458 divide 460494726?
True
Is 12 a factor of 98232168?
True
Is 45707173 a multiple of 16?
False
Does 492 divide 5718024?
True
Does 62 divide 17624582?
False
Does 72 divide 7666344?
True
Is 1036775990 a multiple of 57?
False
Does 45 divide 1058787495?
True
Does 6911 divide 235886252?
True
Does 3223 divide 460955826?
False
Is 28438688 a multiple of 1037?
True
Is 85 a factor of 1915798000?
True
Is 1233 a factor of 84572703?
True
Does 1936 divide 1222872116?
False
Is 195 a factor of 790489311?
False
Is 4 a factor of 12909348?
True
Does 5308 divide 2005022989?
False
Is 47114200 a multiple of 200?
True
Is 382 a factor of 7451703?
False
Is 1716 a factor of 81797736?
False
Is 15 a factor of 2782124295?
True
Is 59650266 a multiple of 157?
True
Is 1427 a factor of 61154085?
True
Is 66 a factor of 259759038?
True
Does 246 divide 16547682?
True
Is 200994017 a multiple of 1049?
False
Is 132664275 a multiple of 45?
True
Is 103466284 a multiple of 2?
True
Is 5265648 a multiple of 48?
True
Is 30 a factor of 357299070?
True
Does 199 divide 1564172281?
False
Is 31 a factor of 81369668?
True
Does 1183 divide 345650123?
True
Is 131 a factor of 144514484?
True
Is 33 a factor of 79297350?
True
Does 14 divide 22035545?
False
Is 142146557 a multiple of 10?
False
Is 484573 a multiple of 8?
False
Does 1532 divide 206020296?
True
Does 41 divide 55929084?
True
Is 1897069040 a multiple of 8?
True
Is 3 a factor of 925350?
True
Is 653 a factor of 23767894?
True
Is 16789978 a multiple of 326?
True
Is 924132092 a multiple of 26?
True
Is 377842531 a multiple of 54?
False
Is 135425796 a multiple of 33?
True
Is 18 a factor of 17732502?
True
Is 132 a factor of 452654723?
False
Is 190343981 a multiple of 55?
False
Does 31 divide 62530185?
False
Is 7274835 a multiple of 13?
False
Is 23 a factor of 3456484?
False
Is 10648256 a multiple of 544?
True
Is 1722255123 a multiple of 1639?
False
Is 591367825 a multiple of 15?
False
Does 3 divide 254283777?
True
Is 1067515694 a multiple of 1138?
True
Is 109617216 a multiple of 96?
True
Does 503 divide 31507417?
True
Is 248 a factor of 1168208216?
True
Does 9 divide 3930876?
True
Does 12 divide 11050646?
False
Does 146 divide 198894520?
False
Does 14 divide 4661270707?
False
Does 55 divide 101803080?
False
Is 2279618852 a multiple of 961?
True
Is 684 a factor of 1689122910?
False
Is 619 a factor of 145690296?
False
Is 23341727 a multiple of 10?
False
Does 62 divide 22205844?
False
Does 11 divide 81601968?
False
Is 13485342 a multiple of 311?
False
Is 447 a factor of 7444640?
False
Is 26241227 a multiple of 653?
False
Is 644875380 a multiple of 414?
True
Does 1059 divide 919763739?
True
Is 92378264 a multiple of 124?
True
Is 465612686 a multiple of 473?
True
Is 16065065 a multiple of 6?
False
Is 1286 a factor of 2179633164?
False
Is 245717744 a multiple of 263?
True
Does 9552 divide 1251025440?
True
Is 50 a factor of 27961800?
True
Does 266 divide 75984309?
False
Does 40 divide 53688554?
False
Does 537 divide 500864196?
True
Does 23 divide 11275589?
True
Is 68543312 a multiple of 19?
False
Is 3303324 a multiple of 178?
True
Is 623 a factor of 788610844?
True
Is 4 a factor of 90146776?
True
Is 47 a factor of 2232737219?
False
Does 765 divide 397062073?
False
Does 169 divide 3866551?
True
Is 115 a factor of 869411164?
False
Is 28 a factor of 3304364557?
False
Is 973 a factor of 1145866099?
True
Does 55 divide 74492770?
True
Is 80258500 a multiple of 25?
True
Is 385 a factor of 5342260?
True
Is 12 a factor of 340025727?
False
Does 95 divide 59790634?
False
Is 43 a factor of 18632723?
False
Is 2232 a factor of 2780445?
False
Is 50 a factor of 153999550?
True
Does 202 divide 5028941?
False
Is 12058668 a multiple of 4?
True
Is 10 a factor of 91860320?
True
Is 62236732 a multiple of 20?
False
Is 50 a factor of 9309000?
True
Does 40 divide 44175120?
True
Is 38979759 a multiple of 51?
True
Is 32445432 a multiple of 87?
True
Is 4760 a factor of 915800200?
True
Is 35 a factor of 186656505?
True
Is 590 a factor of 60404200?
True
Does 146 divide 264957588?
True
Is 11481000 a multiple of 534?
True
Does 29 divide 308357680?
False
Is 205 a factor of 5365670?
True
Is 6 a factor of 88668241?
False
Is 28121543 a multiple of 6?
False
Is 5 a factor of 9266310?
True
Does 5 divide 68345336?
False
Does 3355 divide 1970577370?
False
Is 88 a factor of 406068256?
True
Does 19 divide 132164323?
True
Is 51 a factor of 2654316867?
False
Is 925 a factor of 302867200?
True
Is 6157077 a multiple of 51?
True
Is 128419311 a multiple of 1120?
False
Is 103348871 a multiple of 26?
False
Is 1713412427 a multiple of 286?
False
Does 3435 divide 167923158?
False
Does 16 divide 106446192?
True
Is 67 a factor of 401866804?
True
Is 6761107 a multiple of 28?
False
Does 287 divide 849244480?
True
Is 2 a factor of 7570111?
False
Is 7 a factor of 70926783?
False
Is 8102 a factor of 483515733?
False
Is 161 a factor of 12071941?
True
Is 18 a factor of 99101466?
True
Does 3929 divide 14339865?
False
Is 34108944 a multiple of 8?
True
Is 3956224 a multiple of 1107?
False
Is 188 a factor of 49073264?
True
Is 96693413 a multiple of 19?
True
Is 831434 even?
True
Is 298 a factor of 101889180?
True
Is 118 a factor of 60384445?
False
Does 10 divide 39016150?
True
Is 323074500 a multiple of 105?
True
Is 64 a factor of 149364183?
False
Does 203 divide 45736548?
False
Is 166 a factor of 707370488?
True
Is 869436860 a multiple of 2582?
True
Does 21 divide 638389983?
True
Is 257689044 a multiple of 2131?
True
Does 2673 divide 442213101?
True
Is 51 a factor of 2110295973?
False
Does 2500 divide 101508205?
False
Is 26 a factor of 85783698?
True
Does 8 divide 12020547?
False
Is 16521030 a multiple of 2328?
False
Does 10 divide 33261380?
True
Is 17 a factor of 556328077?
True
Is 499 a factor of 80875403?
False
Does 203 divide 830211410?
False
Does 1312 divide 58359718?
False
Is 35 a factor of 1384107500?
False
Is 2841 a factor of 79263999?
False
Is 40229023 a multiple of 386?
False
Is 20 a factor of 60513900?
True
Is 9 a factor of 58086477?
True
Is 3183022667 a multiple of 737?
True
Is 7 a factor of 40808166?
True
Is 43693263 a multiple of 345?
False
Does 1015 divide 460845392?
False
Does 61 divide 6135380?
True
Is 3612468 a multiple of 25?
False
Is 29 a factor of 636296864?
False
Is 325 a factor of 10797517?
False
Is 959056672 a multiple of 14?
True
Is 10 a factor of 364343590?
True
Is 1065575855 a multiple of 205?
True
Does 21 divide 93343110?
True
Is 83905002 a multiple of 9?
True
Is 553 a factor of 73684298?
False
Is 339716502 a multiple of 518?
False
Is 769196610 a multiple of 2205?
True
Is 9 a factor of 5802842?
False
Does 256 divide 19938560?
True
Does 32 divide 200674909?
False
Does 1463 divide 302978493?
False
Is 5 a factor of 2865490?
True
Does 317 divide 69750461?
True
Is 17528321 a multiple of 493?
False
Is 10344966 a multiple of 559?
False
Does 2622 divide 1147356568?
False
Does 7251 divide 767974187?
False
Does 187 divide 359051781?
True
Is 439515053 a multiple of 7?
False
Is 227876926 a multiple of 174?
False
Does 18 divide 105225444?
True
Is 4 a factor of 680568?
True
Is 36 a factor of 4188744?
True
Is 246 a factor of 626650068?
True
Is 86 a factor of 280899306?
True
Is 266801172 a multiple of 4801?
True
Is 14 a factor of 1407345819?
False
Is 2200 a factor of 1886775000?
True
Does 9 divide 49468914?
True
Does 878 divide 178124226?
False
Does 10 divide 34892927?
False
Is 7 a factor of 4139054?
False
Does 15 divide 57262329?
False
Is 4168 a factor of 83711604?
False
Is 11772959 a multiple of 5?
False
Is 662241268 a multiple of 38?
False
Does 241 divide 36476300?
False
Is 635 a factor of 104363520?
True
Does 2669 divide 1038070457?
False
Does 7 divide 14839102?
False
Does 13 divide 569571?
False
Is 38 a factor of 412334010?
True
Is 52 a factor of 8091771584?
True
Does 1142 divide 22325826?
False
Is 26138014 a multiple of 304?
False
Is 637 a factor of 115650962?
False
Does 42 divide 121302579?
False
Does 3775 divide 50424405?
False
Does 8 divide 1352638?
False
Does 7029 divide 636010542?
False
Is 101323050 a multiple of 215?
True
Does 336 divide 83362234?
False